it of 855134?
5
What is the tens digit of 471288?
8
What is the units digit of 7553202?
2
What is the thousands digit of 7244710?
4
What is the tens digit of 11183863?
6
What is the hundred thousands digit of 2134984?
1
What is the thousands digit of 5363563?
3
What is the ten thousands digit of 403487?
0
What is the thousands digit of 366105?
6
What is the tens digit of 12300?
0
What is the thousands digit of 10548103?
8
What is the units digit of 18116135?
5
What is the hundreds digit of 817672?
6
What is the thousands digit of 89480?
9
What is the tens digit of 33319?
1
What is the thousands digit of 18618071?
8
What is the thousands digit of 3197606?
7
What is the units digit of 135522?
2
What is the hundred thousands digit of 225718?
2
What is the units digit of 907188?
8
What is the thousands digit of 9235390?
5
What is the hundreds digit of 386535?
5
What is the units digit of 6001834?
4
What is the units digit of 84376?
6
What is the hundred thousands digit of 524137?
5
What is the ten thousands digit of 532780?
3
What is the thousands digit of 9546568?
6
What is the hundred thousands digit of 8677716?
6
What is the millions digit of 12835188?
2
What is the tens digit of 77298?
9
What is the thousands digit of 190355?
0
What is the units digit of 1397092?
2
What is the units digit of 1116851?
1
What is the tens digit of 8829842?
4
What is the thousands digit of 3724593?
4
What is the units digit of 673111?
1
What is the ten thousands digit of 8386725?
8
What is the units digit of 4179208?
8
What is the tens digit of 318377?
7
What is the tens digit of 3555038?
3
What is the ten millions digit of 28361373?
2
What is the ten thousands digit of 23917804?
1
What is the ten thousands digit of 322283?
2
What is the hundreds digit of 261204?
2
What is the thousands digit of 514934?
4
What is the thousands digit of 541752?
1
What is the hundred thousands digit of 2170451?
1
What is the units digit of 9206893?
3
What is the hundreds digit of 788263?
2
What is the tens digit of 2551704?
0
What is the tens digit of 1318189?
8
What is the ten thousands digit of 161012?
6
What is the hundred thousands digit of 181048?
1
What is the thousands digit of 2336013?
6
What is the units digit of 725555?
5
What is the thousands digit of 96537?
6
What is the ten thousands digit of 1213358?
1
What is the ten thousands digit of 472007?
7
What is the units digit of 3393172?
2
What is the units digit of 11164?
4
What is the hundred thousands digit of 383842?
3
What is the units digit of 4923699?
9
What is the units digit of 175717?
7
What is the ten thousands digit of 15927997?
2
What is the thousands digit of 10589433?
9
What is the tens digit of 15148145?
4
What is the tens digit of 524983?
8
What is the units digit of 2604625?
5
What is the thousands digit of 63595?
3
What is the hundreds digit of 673716?
7
What is the ten thousands digit of 4677724?
7
What is the tens digit of 7695965?
6
What is the hundreds digit of 670631?
6
What is the hundreds digit of 2928120?
1
What is the hundred thousands digit of 395589?
3
What is the thousands digit of 375397?
5
What is the ten thousands digit of 417018?
1
What is the units digit of 306711?
1
What is the hundreds digit of 3420982?
9
What is the thousands digit of 42432?
2
What is the hundred thousands digit of 4444242?
4
What is the units digit of 3998012?
2
What is the units digit of 991699?
9
What is the ten thousands digit of 1111292?
1
What is the ten thousands digit of 12631993?
3
What is the tens digit of 1556110?
1
What is the ten thousands digit of 26936995?
3
What is the ten thousands digit of 16007089?
0
What is the units digit of 1298961?
1
What is the ten thousands digit of 15810?
1
What is the hundreds digit of 3514556?
5
What is the thousands digit of 95845?
5
What is the millions digit of 2268977?
2
What is the ten thousands digit of 5739699?
3
What is the units digit of 944974?
4
What is the ten thousands digit of 310028?
1
What is the units digit of 18499850?
0
What is the hundreds digit of 68090?
0
What is the hundred thousands digit of 4639621?
6
What is the hundred thousands digit of 19677578?
6
What is the hundreds digit of 187874?
8
What is the ten thousands digit of 9932729?
3
What is the units digit of 157761?
1
What is the ten millions digit of 14591087?
1
What is the hundred thousands digit of 1359212?
3
What is the thousands digit of 160573?
0
What is the thousands digit of 3023681?
3
What is the hundred thousands digit of 2527435?
5
What is the millions digit of 19089494?
9
What is the thousands digit of 200231?
0
What is the units digit of 746104?
4
What is the hundred thousands digit of 1732551?
7
What is the tens digit of 37162?
6
What is the hundred thousands digit of 27145207?
1
What is the millions digit of 1483616?
1
What is the units digit of 296391?
1
What is the thousands digit of 25479849?
9
What is the ten thousands digit of 28580700?
8
What is the tens digit of 266725?
2
What is the tens digit of 200272?
7
What is the tens digit of 174156?
5
What is the millions digit of 1246447?
1
What is the tens digit of 199652?
5
What is the millions digit of 1121657?
1
What is the hundreds digit of 16142?
1
What is the thousands digit of 2713784?
3
What is the tens digit of 4105132?
3
What is the ten thousands digit of 2527971?
2
What is the ten thousands digit of 172713?
7
What is the hundreds digit of 4388154?
1
What is the units digit of 197368?
8
What is the thousands digit of 1731035?
1
What is the ten thousands digit of 2400845?
0
What is the units digit of 262890?
0
What is the hundred thousands digit of 1013080?
0
What is the units digit of 556606?
6
What is the thousands digit of 75788?
5
What is the tens digit of 5050?
5
What is the tens digit of 8459729?
2
What is the units digit of 63500?
0
What is the units digit of 548249?
9
What is the ten thousands digit of 168535?
6
What is the units digit of 4709989?
9
What is the hundred thousands digit of 161355?
1
What is the hundreds digit of 387124?
1
What is the tens digit of 2565850?
5
What is the ten thousands digit of 788597?
8
What is the thousands digit of 23316?
3
What is the units digit of 489630?
0
What is the tens digit of 148947?
4
What is the ten thousands digit of 30814?
3
What is the thousands digit of 9633368?
3
What is the thousands digit of 3881130?
1
What is the ten thousands digit of 3919274?
1
What is the units digit of 865522?
2
What is the units digit of 4781408?
8
What is the thousands digit of 102027?
2
What is the hundreds digit of 702669?
6
What is the ten millions digit of 19750699?
1
What is the hundred thousands digit of 641692?
6
What is the hundred thousands digit of 3158924?
1
What is the hundreds digit of 10586?
5
What is the units digit of 176021?
1
What is the millions digit of 1003881?
1
What is the hundred thousands digit of 24865696?
8
What is the millions digit of 7831407?
7
What is the ten thousands digit of 4680115?
8
What is the tens digit of 1925130?
3
What is the units digit of 99111?
1
What is the thousands digit of 425398?
5
What is the hundred thousands digit of 543008?
5
What is the units digit of 357480?
0
What is the tens digit of 33302?
0
What is the millions digit of 1748721?
1
What is the tens digit of 36638?
3
What is the thousands digit of 5353769?
3
What is the ten thousands digit of 4747311?
4
What is the hundreds digit of 3034417?
4
What is the tens digit of 538033?
3
What is the units digit of 60991?
1
What is the tens digit of 307983?
8
What is the millions digit of 31824292?
1
What is the tens digit of 39251?
5
What is the ten thousands digit of 768485?
6
What is the hundred thousands digit of 161586?
1
What is the units digit of 265187?
7
What is the millions digit of 1053659?
1
What is the ten thousands digit of 235121?
3
What is the hundred thousands digit of 1162286?
1
What is the hundred thousands digit of 574246?
5
What is the tens digit of 24790706?
0
What is the thousands digit of 3085098?
5
What is the ten millions digit of 24083383?
2
What is the tens digit of 2633969?
6
What is the tens digit of 6275288?
8
What is the hundreds digit of 5566337?
3
What is the hundreds digit of 12042186?
1
What is the tens digit of 794732?
3
What is the tens digit of 113543